t w be (-1 - 4)*(0 - (-1 + 0)). Let s(c) = -3*c + 0*c + 3 - 6. Give s(w).
12
Suppose 3*c = -2*m + c + 12, 18 = 3*m + 5*c. Let j(a) be the second derivative of -a**4/12 + 5*a**3/6 - a**2/2 - 34*a. What is j(m)?
-7
Suppose -b = 2*b - 75. Suppose -3*h - 3*y + 2 - 17 = 0, -5*h + 5*y = b. Let t(k) = -4*k + 0*k + 5*k + 9. Determine t(h).
4
Let o be 6 - (0/1)/3. Suppose -1 + o = -5*z. Let d(j) be the second derivative of 3*j**5/10 + j**4/6 - j**2/2 - j. Determine d(z).
-5
Let p(u) = -u**2 + 6*u - 7. Let o be p(6). Let l(t) be the third derivative of t**6/120 + t**5/10 - 7*t**4/24 - 3*t**3/2 - 17*t**2. Determine l(o).
-9
Suppose 0 = -2*h + 7*h. Let l(x) be the third derivative of -x**4/24 - x**3 - 2*x**2. Give l(h).
-6
Let s(d) = -5*d**2 + 7*d + 1. Let z be s(1). Let x(k) = k**3 - 3*k**2 - 3. Calculate x(z).
-3
Suppose w + 5 = -0*w. Let z(g) = 3*g**2 - g. Let b be z(1). Let d(l) = 2*l + 4 - 3*l + b*l. Determine d(w).
-1
Let o(k) = k**3 + 4*k**2 + k. Let b be o(-4). Let t be (2 + b - -3)/1. Let a(g) = -5*g. Give a(t).
-5
Let s(z) be the first derivative of -z**2/2 + 8. Give s(6).
-6
Let w = 3 - 8. Let u(y) = -y**3 - 3*y**2 + 6*y - 7. Determine u(w).
13
Let h(j) be the second derivative of -j**7/1260 - j**6/360 + j**5/120 + j**4/3 + j. Let s(f) be the third derivative of h(f). Calculate s(2).
-11
Let o(d) be the second derivative of d**3/3 - 7*d**2/2 + 6*d. Give o(7).
7
Let x(y) = -2*y + 9. Let k(c) = -c + 4. Let o(p) = -9*k(p) + 4*x(p). Let u be ((-3)/(-2))/1*-2. Determine o(u).
-3
Let h(d) be the second derivative of 1/6*d**3 + 6*d + 0 + 1/2*d**2. Calculate h(-6).
-5
Suppose 5*l + 21 = 4*t + 1, -3*t = -2*l - 8. Let d(s) = -s**2 + s**3 + 4*s - 3*s**3 + t + 3 + 0*s**2. Give d(-2).
7
Let o(x) = x**2 + 4*x. Let j be 7*2*1/(-2). Let b = 11 + j. Suppose 0 = -g + b*a + 8, -4*g - 3 = -3*a + 4. Give o(g).
0
Let x(n) = -4*n + 4 - 1 + n**2 + 2 + 0*n. Let r(a) = -a**2 + 4*a - 5. Let z(d) = 5*r(d) + 4*x(d). Give z(4).
-5
Let d(t) = -2*t - 4. Suppose 2*y - 8*y - 30 = 0. Calculate d(y).
6
Let p(f) = 615 + 2*f - 2*f - 614 + f**3. Determine p(-1).
0
Let g(o) = -3*o**3 + 8*o**2 - 4*o - 1. Let a(v) = 10*v**3 - 25*v**2 + 11*v + 3. Let x(f) = -2*a(f) - 7*g(f). Give x(5).
6
Suppose -2*k + 33 = -5*o, -5 = 5*o + k + 4*k. Let a(z) be the third derivative of -z**5/60 - 5*z**4/24 + z**3/3 + 12*z**2. Calculate a(o).
2
Let v(u) = u + 8. Let q be v(-6). Let x(b) = b + 0*b**2 - 4 + b**2 + 2*b**q - 4*b**2. Determine x(0).
-4
Let q = -52 + 54. Let n(d) be the third derivative of -1/6*d**4 - 1/6*d**3 - 1/60*d**5 + 0 - q*d**2 + 0*d. What is n(-4)?
-1
Suppose 7 + 13 = 5*n. Let q = -2 + n. Suppose k = q*k. Let s(m) = m - 7. Give s(k).
-7
Let l(p) = -p - p + 2 + 2*p + 3*p. What is l(2)?
8
Let v(m) = -m**3 - 6*m**2 + 7*m - 7. Let p(i) = i**3 + 13*i**2 - 15*i - 21. Let f be p(-14). Give v(f).
-7
Let n(w) be the second derivative of w**4/6 - w**3/6 - w**2/2 - 35*w. Give n(-1).
2
Suppose 11 = -6*j - 19. Let i(q) = -q**3 - 4*q**2 + 5*q + 0*q**3 - 7 - 2*q. Determine i(j).
3
Let l(u) = 2*u. Suppose -21 = -3*r - 24. Calculate l(r).
-2
Let a(j) be the first derivative of -j**4/24 + j**3/6 - j**2 - 2. Let v(c) be the second derivative of a(c). Calculate v(3).
-2
Let h be (-6)/(-6) - (2 - -3). Let r(g) be the second derivative of -g**5/20 - g**4/3 + g**3/6 - g**2 + g. Calculate r(h).
-6
Let k(p) = 4*p + 3*p + 4*p**2 - 14 + 0*p - p**3 + 8. Calculate k(4).
22
Let s(x) be the second derivative of x + x**3 + 0 - 1/2*x**2. Let c be 1/2*-2*1. What is s(c)?
-7
Let c(p) = -18*p**2 - 2*p - 1. Let j = 32 - 33. Calculate c(j).
-17
Let c(j) = -5*j**2 - j. Suppose 15 = 4*p + p + t, 0 = 5*t. Suppose 7*a - p = 4*a. Give c(a).
-6
Let c = 5 - 2. Let b(u) = -u**2 + 9*u + 1. Let i be b(9). Let y(w) = 4*w**2 + 0 + 3 - w**3 - 5 - i - 3*w. Determine y(c).
-3
Let q(z) be the second derivative of -z**4/6 + z**3/2 + 2*z**2 - 5*z. Determine q(3).
-5
Let u(z) = -5*z - 11 + 2 - z**2 + 6. Let v = 2 + -7. Give u(v).
-3
Let n(w) = 2*w - 1 + 6 + 0. Suppose 2*g + 11 = -1. Determine n(g).
-7
Let k(j) = -12*j**3 + 5*j**2 + 6. Let c(s) = -12*s**3 + 4*s**2 + 5. Let a(x) = 5*c(x) - 4*k(x). Let b = 47 + -46. What is a(b)?
-11
Let c(p) = p**3 - 1. Suppose 20 = 5*t + 5*a, -t - 3*a + 1 = -3. Let w = t + 0. Suppose 0 = -5*l, -5*l = 2*i + w - 0. What is c(i)?
-9
Let o(h) be the second derivative of -h**4/12 + 5*h**3/3 - 9*h**2/2 - 6*h. Determine o(10).
-9
Let z = 3551/60 - 355/6. Let c(i) be the third derivative of i**2 + 0 - 1/12*i**4 + 0*i + z*i**5 + 1/6*i**3. Calculate c(2).
1
Let p(y) = 4*y - y + 2*y + y**2. Suppose 3*a = -14 + 2. Let v = -1 + a. Give p(v).
0
Let r(i) = -2*i - 12. Let j = -38 - -30. What is r(j)?
4
Let b = -5 - -1. Let a(k) be the first derivative of 2*k**3/3 + k**2/2 + 6*k - 2. Let j(w) = -w**2 - 5. Let z(q) = -2*a(q) - 3*j(q). Calculate z(b).
-5
Suppose -12 = 3*w - 3*a, -5*a + 1 = 4*w - 19. Let q(u) = -2*u + 24. Let b be q(7). Let x(j) = -j + w*j + j - j + b. Calculate x(0).
10
Let p(x) = 2 - 4 + x**2 + 0 + 0. Let m be ((0 + -1)*0)/(-1). Give p(m).
-2
Let n(y) = -5*y**3 - 8*y**2 + 6*y - 3. Let f(r) = 14*r**3 + 23*r**2 - 18*r + 8. Let m(z) = -4*f(z) - 11*n(z). Calculate m(-5).
-4
Let x = 18 - 14. Let h(d) = -d + 4. Calculate h(x).
0
Let z(i) = -2*i + 3 - 6 + 0*i. Let p be z(-3). Suppose 2 = 4*k - 5*r, 3*k - 10 + p = r. Let w(l) = l**2 - 2*l + 2. What is w(k)?
5
Let o(f) be the second derivative of f**4/3 - f**2/2 + f. Let d = 4 - 3. Give o(d).
3
Let r(o) = -5 - o**2 - 5*o + 3 - 1. Let h be r(-5). Let v be 0 - h/(-3)*3. Let b(y) = y**3 + 4*y**2 - 4. Calculate b(v).
5
Let r(d) = -d**2 + 4*d - 5. Let n be (-12)/(-20) + 7/5. Suppose 0 = -0*p - n*p - 14. Let t = p + 11. Determine r(t).
-5
Let p(z) be the first derivative of -1/2*z**2 + 5*z - 1/3*z**3 + 6. Give p(-4).
-7
Let x be 4/(-10) - 210/(-25). Let f(p) = -2*p + 7 + 0*p - x. Determine f(-4).
7
Let h be 0*4*2/16. Let q(a) be the first derivative of a**3/3 - a**2/2 + a - 2. Calculate q(h).
1
Let b(j) be the second derivative of -j**5/20 + 3*j**4/4 - j**3/6 + 6*j**2 + 9*j. Calculate b(9).
3
Suppose 5*g + t = 24, 8 = g - t - 2*t. Let r(x) = -x**3 + 5*x**2 - 4*x + 5. Calculate r(g).
-15
Let m(p) be the first derivative of -p**2/2 - 5*p + 16. Determine m(-8).
3
Let c be (14/(-8) - -3)*4. Let i = 7 - c. Let l(y) = -4*y + 0 + y**2 + 1 - 2. What is l(i)?
-5
Let i(a) = 2 - 2 - 3*a. Let w be i(-2). Suppose -5*k + w = -2*h, -k + 0*k + 12 = 5*h. Let b(y) = -3*y**2 + 2*y - 2. Give b(h).
-10
Suppose 0*c = c. Suppose 3*g = -c*g - 3*u + 3, -2*u = -g + 7. Let t(q) = 1 - 3*q**3 + 2*q**3 + 2*q**2 - 2 + 2*q. What is t(g)?
-4
Let t = -13 - -17. Suppose 0 = 7*z - t*z. Let y(j) = -j - 6. Calculate y(z).
-6
Let d(r) = r**2 - 3*r**2 + 4*r + r**2 + 4 + 3*r**2. What is d(-4)?
20
Let o(c) = 2 - c**3 - 3 - 4*c + 2 + 5*c. Give o(-1).
1
Let i(a) = a - 1 + a**3 - 5*a + 2*a - a**2. Let s be -2 + 8 + 0 + 0. Suppose 2*j - s = -2. Calculate i(j).
-1
Let u(j) = 2*j**3 + j**2 - 3*j - 2. Let x be ((-5)/(-10) - 0)/(2/(-8)). Give u(x).
-8
Let z(k) = -k**3 + 24*k**2 + k - 26. Let b be z(24). Let s(v) = -2*v**3 + v + 2. Calculate s(b).
16
Let z(w) = 6 - w + 7*w + 0*w + w**2. What is z(-5)?
1
Let y(u) be the second derivative of u**4/12 - 23*u**2/2 - 5*u. Calculate y(0).
-23
Let x(a) = -a**3 + 7*a**2 - 3*a + 4. Let o(t) = t**3 + 2*t**2 + 3*t + 7. Let n be o(0). Determine x(n).
-17
Let t(d) be the third derivative of d**4/4 - d**3/2 - 3*d**2. Let j(x) = -3*x + 2. Let y(g) = -5*j(g) - 3*t(g). Calculate y(1).
-4
Let y(l) = 1 - 13*l**2 + 12*l**2 + 9*l - 10*l - 18. Determine y(0).
-17
Let w(a) = a. Let b(f) = f**2 + 5*f + 4. Let u(s) = -b(s) - 2*w(s). Give u(-5).
6
Let q be 18/(-14) - 6/(-21). Let k be q*3*(-3)/9. Let f(r) = -13*r**3 + 2*r**2 - r. What is f(k)?
-12
Suppose y - 3*y = f - 9, -3*y - 4*f = -21. Let j(i) = -3*i**2 + 5*i - 3. What is j(y)?
-15
Let q(c) = -c**2 + c - 1. Let a(m) = -m**2 + 13*m + 50. Let o be a(16). Determine q(o).
-3
Let p(n) = -2*n**2 + 4*n + 4. Let m(i) = i**2 + i + 1. Let h = -30 - -29. Let c(d) = h*m(d) - p(d). Calculate c(5).
-5
Let s(d) = -d**3 + 3*d**2 + d. Let v(a) = a**2. Let h(i) = s(i) - 2*v(i). Let n = -2 - -10. Suppose 2*j + 2*j - n = 0. What is h(j)?
-2
Let z(h) be the second derivative of -h**5/20 - h**4/2 - h**3/2 + h**2 + 2*h. Suppose 8 = -4*g + 2*j + 2*j, 0 = 2*g - 4*j -